a multiple of 30?
False
Is 177 a factor of 182226199?
False
Is 7 a factor of 222397175?
True
Is 11968628 a multiple of 21?
False
Is 1083 a factor of 2026293?
True
Does 69 divide 2387154291?
True
Does 2119 divide 420742701?
False
Is 1473750 a multiple of 2358?
True
Is 50838279 a multiple of 289?
True
Does 5509 divide 422088562?
True
Is 1743 a factor of 143527107?
False
Is 9 a factor of 1785319380?
True
Is 434 a factor of 40996307?
False
Is 8 a factor of 505140728?
True
Is 3132144 a multiple of 1476?
False
Is 483 a factor of 29220711?
False
Is 3458730 a multiple of 55?
True
Is 6522182 a multiple of 67?
True
Does 3270 divide 1913746283?
False
Is 65325203 a multiple of 233?
False
Does 2259 divide 28637831?
False
Does 71 divide 518685640?
False
Does 373 divide 485300881?
False
Does 14 divide 1474092480?
True
Is 201 a factor of 1126182866?
False
Is 93 a factor of 3063419502?
False
Is 148695778 a multiple of 2033?
False
Is 241739626 a multiple of 34?
True
Is 509 a factor of 143696808?
True
Does 23 divide 436842703?
True
Is 28071952 a multiple of 79?
False
Does 195 divide 1058135325?
True
Is 21275772 a multiple of 21?
True
Is 1297662785 a multiple of 6133?
False
Is 2881 a factor of 77144537?
True
Is 2014241463 a multiple of 127?
True
Is 5 a factor of 26949011?
False
Is 119477640 a multiple of 1095?
True
Is 48 a factor of 67817548?
False
Is 38 a factor of 8439990?
True
Is 43 a factor of 531204375?
False
Is 680 a factor of 1314833040?
True
Is 1285 a factor of 89503455?
False
Does 7024 divide 3984792464?
True
Does 99 divide 138602899?
False
Is 5549102926 a multiple of 1609?
False
Is 21478410 a multiple of 411?
False
Does 5 divide 142042641?
False
Does 14 divide 8738422?
True
Does 77 divide 1746998561?
True
Is 289418422 a multiple of 349?
False
Is 1303661592 a multiple of 1933?
True
Is 17939028 a multiple of 3?
True
Is 280277762 a multiple of 1085?
False
Does 1805 divide 378284551?
False
Is 39 a factor of 622906518?
True
Is 3 a factor of 27201941?
False
Is 911154434 a multiple of 415?
False
Is 286419571 a multiple of 149?
True
Is 228682350 a multiple of 279?
True
Is 57680618 a multiple of 19?
True
Is 18874830 a multiple of 337?
False
Does 2097 divide 43873434?
True
Does 1051 divide 780028027?
True
Is 402 a factor of 109331?
False
Is 61 a factor of 34852655?
True
Is 697 a factor of 18926212?
False
Does 25 divide 143792370?
False
Is 21 a factor of 17790512?
False
Does 126 divide 2407104?
True
Is 305402320 a multiple of 16?
True
Is 5244480 a multiple of 48?
True
Is 9 a factor of 21612762?
True
Does 9 divide 193938329?
False
Does 293 divide 2022579?
True
Is 502069561 a multiple of 156?
False
Is 140670595 a multiple of 65?
True
Is 13 a factor of 109672392?
False
Is 672500 a multiple of 50?
True
Is 4 a factor of 3355918?
False
Does 325 divide 108195285?
False
Is 48380052 a multiple of 92?
False
Is 526051617 a multiple of 21?
True
Is 58114191 a multiple of 472?
False
Is 925 a factor of 2724112050?
True
Is 52 a factor of 241908055?
False
Does 1859 divide 24341046?
False
Is 1617635583 a multiple of 30?
False
Does 487 divide 4230411293?
False
Does 846 divide 121685256?
True
Is 818 a factor of 69140634?
False
Is 27487837 a multiple of 987?
False
Is 133 a factor of 35663684?
True
Does 674 divide 547193678?
False
Is 220127204 a multiple of 44?
True
Is 46227689 a multiple of 263?
False
Does 6 divide 511440522?
True
Is 980264795 a multiple of 12?
False
Is 459 a factor of 1796132667?
False
Is 27948293 a multiple of 2032?
False
Is 10 a factor of 269243260?
True
Is 176909494 a multiple of 1121?
True
Is 1457239 a multiple of 50?
False
Is 214399813 a multiple of 667?
True
Is 65760420 a multiple of 2805?
True
Is 101 a factor of 13772865?
True
Is 135 a factor of 27205441?
False
Is 25539303 a multiple of 13?
False
Does 225 divide 16881525?
True
Is 740 a factor of 255382169?
False
Is 16369456 a multiple of 174?
False
Is 38 a factor of 123523611?
False
Is 433 a factor of 498883670?
False
Is 13 a factor of 380131232?
True
Does 92 divide 5733671?
False
Is 251617285 a multiple of 19?
True
Is 107 a factor of 15757355?
True
Is 494 a factor of 3267930679?
False
Is 25 a factor of 751236112?
False
Is 719 a factor of 19023330?
False
Is 107288424 a multiple of 130?
False
Is 1169314713 a multiple of 21?
True
Is 2308 a factor of 3414385319?
False
Is 11 a factor of 46880801?
True
Does 196 divide 4210800275?
False
Does 92 divide 1999035704?
False
Is 34055088 a multiple of 24?
True
Is 2 a factor of 2003467?
False
Is 29 a factor of 7085734425?
False
Is 78 a factor of 219030006?
True
Is 772479033 a multiple of 170?
False
Is 118454741 a multiple of 16?
False
Is 408555234 a multiple of 9?
True
Is 107030672 a multiple of 26?
False
Is 8389410 a multiple of 4?
False
Is 399 a factor of 15518496?
False
Is 313954689 a multiple of 10?
False
Does 1087 divide 396659472?
False
Is 58 a factor of 22772251?
False
Is 45916543 a multiple of 1319?
False
Does 27 divide 141434046?
True
Is 20 a factor of 36020763?
False
Is 3 a factor of 836413?
False
Does 42 divide 8893057?
False
Is 9 a factor of 38957423?
False
Is 26419296 a multiple of 224?
False
Does 26 divide 480075024?
True
Does 113 divide 786051052?
True
Is 91 a factor of 2237138904?
True
Is 607 a factor of 1191789376?
False
Is 61 a factor of 1282258961?
False
Is 45915957 a multiple of 9?
True
Is 390533714 a multiple of 890?
False
Does 43 divide 61714159?
True
Does 1602 divide 126075115?
False
Is 1430039058 a multiple of 14?
True
Is 15 a factor of 1248586440?
True
Is 717596 a multiple of 467?
False
Is 6302259 a multiple of 4?
False
Is 124786872 a multiple of 84?
True
Is 9567384 a multiple of 1084?
True
Does 420 divide 33040731?
False
Does 139 divide 1053334153?
False
Is 809515152 a multiple of 82?
True
Is 342 a factor of 1464133133?
False
Is 3334 a factor of 209429489?
False
Does 71 divide 3286786?
False
Does 380 divide 167523416?
False
Is 65773027 a multiple of 213?
False
Does 1673 divide 6156293?
False
Is 325134532 a multiple of 46?
True
Is 4039 a factor of 589684045?
False
Is 9521552 a multiple of 1850?
False
Is 115 a factor of 105011790?
True
Is 540 a factor of 5704912?
False
Is 831 a factor of 4425712646?
False
Is 156 a factor of 123494710?
False
Does 5 divide 94862675?
True
Is 642 a factor of 2201639653?
False
Is 255207381 a multiple of 59?
False
Does 177 divide 546167661?
True
Is 72 a factor of 3760667280?
True
Is 9654870 a multiple of 131?
False
Does 34 divide 84750390?
False
Does 17 divide 34891259?
True
Is 850213476 a multiple of 8703?
True
Is 504 a factor of 83286098?
False
Is 48 a factor of 196693296?
True
Is 3127319022 a multiple of 19?
True
Is 656955178 a multiple of 146?
True
Does 9 divide 6193688193?
True
Is 263495127 a multiple of 1741?
True
Is 42 a factor of 341837?
False
Is 24210029 a multiple of 73?
False
Is 175 a factor of 48608350?
True
Is 531 a factor of 2906589?
False
Is 85 a factor of 223744990?
True
Is 1737 a factor of 47136377?
False
Is 848974659 a multiple of 177?
True
Is 1067 a factor of 141874722?
True
Is 123 a factor of 6918462?
False
Is 266740353 a multiple of 17?
True
Is 799 a factor of 13849067?
True
Does 3088 divide 803123952?
True
Does 237 divide 36333522?
True
Does 693 divide 14074830?
True
Is 88 a factor of 15465406?
False
Is 1617 a factor of 161074686?
False
Does 358 divide 34043815?
False
Does 4 divide 1747496224?
True
Is 13904719 a multiple of 832?
False
Does 64 divide 88104885?
False
Is 14 a factor of 897918985?
False
Is 14 a factor of 556928909?
False
Is 2770 a factor of 17731646?
False
Is 950926651 a multiple of 1195?
False
Is 606566487 a multiple of 9?
False
Is 429 a factor of 29556161?
False
Does 40 divide 222335515?
False
Is 6 a factor of 608603292?
True
Is 212939913 a multiple of 331?
True
Is 25 a factor of 13922896?
False
Does 1106 divide 2178820?
True
Is 81342360 a multiple of 1080?
True
Is 8020770 a multiple of 85?
True
Is 9 a factor of 161874531?
True
Is 207 a factor of 25119467?
False
Is 494 a factor of 34753888?
True
Is 106364117 even?
False
Is 422 a factor of 132122296?
False
Is 7 a factor of 14875084?
True
Is 10664202 a multiple of 102?
True
Does 53 divide 455558479?
True
Is 524 a factor of 106460556?
True
Does 2429 divide 220532271?
False
Is 20462766 a multiple of 19?
False
Is 1383 a factor of 165534